se 6
-33043211
10121200241 (base 5) to base 10
10334446
What is -a1925 (base 11) in base 4?
-210111321
111413304 (base 5) to base 2
1111001100100100010
Convert 113381 (base 15) to base 11.
510852
What is -271645 (base 8) in base 6?
-2012245
Convert 5770052 (base 10) to base 6.
323401112
What is -b25124 (base 15) in base 14?
-11a73db
What is -2332123 (base 6) in base 2?
-11101100010110011
-6600 (base 16) to base 11
-18689
Convert 884a6 (base 11) to base 3.
20112002200
What is -12010000102212 (base 3) in base 13?
-741653
Convert 52422103 (base 6) to base 2.
101110100110101110111
Convert -592d4b (base 16) to base 5.
-2444004144
What is -49a4b (base 14) in base 10?
-180387
What is 122211002101 (base 3) in base 4?
1111213321
What is 10441212 (base 5) in base 12?
45bb7
-2122323020 (base 4) to base 13
-192aac
Convert -456a32 (base 12) to base 9.
-2072722
Convert 20331023331 (base 4) to base 5.
1100112043
What is e5e19 (base 16) in base 13?
26c773
What is -1313134 (base 8) in base 12?
-157aa4
Convert -2310203012 (base 4) to base 12.
-2b7b72
What is 81615 (base 14) in base 4?
1023333203
-242422252 (base 6) to base 9
-8600855
Convert 25724163 (base 8) to base 2.
10101111010100001110011
-1130100232 (base 4) to base 13
-103015
What is 356b011 (base 12) in base 16?
9ddc4d
Convert -2128395 (base 10) to base 14.
-3d5923
What is -13424320 (base 5) in base 10?
-139335
Convert 6ae2 (base 15) to base 4.
11202320
What is 5c3acd (base 15) in base 16?
4365af
Convert -1131202112 (base 4) to base 8.
-1354226
What is 25152422 (base 7) in base 13?
613c7c
What is 143113044 (base 5) in base 6?
24055233
Convert -1b9bb (base 15) to base 11.
-61644
What is 83177 (base 11) in base 8?
354756
2141014 (base 9) to base 14
21c9b7
-12101211222 (base 3) to base 11
-7297a
120100010100 (base 3) to base 8
1115510
Convert -891033 (base 10) to base 13.
-252750
Convert 27790 (base 14) to base 5.
11110123
Convert 310301203 (base 5) to base 7.
13464111
Convert -1ddd2 (base 14) to base 11.
-52797
-40a7a67 (base 11) to base 9
-14558780
Convert a125 (base 15) to base 16.
84da
120200122 (base 3) to base 6
124542
What is -1000001111100101001000 (base 2) in base 10?
-2160968
Convert 218a037 (base 11) to base 13.
a43532
34c69 (base 13) to base 7
551410
What is -1a0950 (base 12) in base 5?
-104120143
-12032331000 (base 4) to base 9
-3060520
Convert -10201001110020 (base 3) to base 13.
-53c502
Convert 102102010010 (base 3) to base 16.
36d68
What is 534446 (base 8) in base 10?
178470
What is -39ccc (base 14) in base 15?
-2c336
-34661 (base 11) to base 9
-75570
Convert -15d1c8 (base 16) to base 14.
-2931a0
Convert 156888 (base 13) to base 6.
15155520
110211011112012 (base 3) to base 13
1547435
What is 11532 (base 8) in base 13?
2341
Convert -1144400 (base 5) to base 4.
-11111122
What is 38572 (base 13) in base 8?
313405
-503014 (base 7) to base 16
-14c53
-202002201121111 (base 3) to base 11
-60369a8
What is -2241004211 (base 5) in base 16?
-4c8a75
Convert -238712 (base 12) to base 8.
-2142376
-10101221221 (base 3) to base 10
-67039
What is -2d36c0 (base 15) in base 14?
-40d7d8
What is 236144045 (base 7) in base 5?
12232441231
What is 655306 (base 7) in base 16?
1c01b
-28559a (base 11) to base 14
-b8a7d
Convert -94ff4 (base 16) to base 2.
-10010100111111110100
Convert -1010010100010100110 (base 2) to base 14.
-8b2d0
Convert 23adb (base 15) to base 10.
113831
Convert 1d8b4 (base 15) to base 11.
6652a
-15796a (base 11) to base 7
-2036344
What is -7767 (base 11) in base 14?
-3a33
19d8d7 (base 16) to base 3
10012001121110
-102223412 (base 6) to base 13
-4a97a4
-9921c9 (base 13) to base 8
-15575726
Convert 11202021022222 (base 3) to base 6.
130040425
What is 411162 (base 7) in base 10?
70065
Convert -47624 (base 16) to base 9.
-485065
Convert 1222100201120 (base 3) to base 2.
100000000011010110000
Convert 21232130323 (base 4) to base 2.
1001101110011100111011
Convert -35045a1 (base 13) to base 15.
-167d6c1
Convert -737742 (base 8) to base 13.
-87b04
Convert -2338344 (base 9) to base 8.
-4650243
-1578331 (base 10) to base 6
-53455031
What is 21220211020 (base 3) in base 6?
3201353
What is 1627bc (base 13) in base 8?
2057047
What is 1000001010110011001011 (base 2) in base 11?
1232946
1723011 (base 8) to base 3
221110121002
dd57b3 (base 14) to base 7
120542313
Convert 1622051 (base 7) to base 9.
371255
What is -a6d68 (base 14) in base 15?
-7e744
Convert 11152001 (base 8) to base 15.
32a1e9
125095 (base 10) to base 12
60487
Convert -113012021 (base 4) to base 5.
-11011401
What is 273045 (base 9) in base 12?
80265
20923 (base 12) to base 11
2a175
-4341a (base 13) to base 15
-26024
1130301 (base 4) to base 7
23211
Convert -6053278 (base 9) to base 8.
-14230477
3c7c2 (base 14) to base 16
248d6
6640 (base 12) to base 16
2c10
What is -48430 (base 16) in base 10?
-295984
Convert b24d01 (base 16) to base 12.
3ab6281
-1111000000101000011 (base 2) to base 7
-4115642
What is -339355 (base 10) in base 6?
-11135031
What is -1552241 (base 7) in base 11?
-137182
Convert 367768 (base 9) to base 16.
36425
-435607 (base 9) to base 7
-2132032
What is 1011001001011001011111 (base 2) in base 5?
1222001304
Convert 2201003022 (base 4) to base 2.
10100001000011001010
Convert 100001011001101110011 (base 2) to base 14.
206c39
Convert 36555777 (base 8) to base 4.
132231233333
Convert 147cd4b (base 14) to base 4.
212011310013
-66e624 (base 16) to base 11
-3896615
What is 42223224 (base 5) in base 11?
220258
What is 127804 (base 9) in base 4?
103001212
Convert 251043445 (base 6) to base 15.
6509b8
Convert 1000000000011100100110 (base 2) to base 5.
1014131412
What is 10361 (base 13) in base 16?
71db
Convert 113441151 (base 6) to base 15.
2c2db1
15718 (base 13) to base 16
9f2e
Convert 132341030 (base 5) to base 10.
668265
-22441303 (base 5) to base 10
-202703
Convert -34433210 (base 6) to base 13.
-2b25bb
10543031 (base 6) to base 13
b4a15
367280 (base 10) to base 15
73c55
-221111002221 (base 3) to base 10
-501631
What is -641952 (base 11) in base 3?
-1221012020220
Convert 2024646 (base 8) to base 10.
534950
Convert 140313412 (base 5) to base 16.
ae387
Convert -27136 (base 13) to base 4.
-101300023
Convert 2cc235 (base 13) to base 8.
4174000
-4257657 (base 10) to base 11
-2448928
What is -1298288 (base 11) in base 4?
-20202000002
What is -1301221111 (base 4) in base 8?
-1615125
Convert 43234 (base 9) to base 12.
14694
Convert 772763 (base 8) to base 15.
51d9b
What is 118285 (base 11) in base 14?
4c05d
-413702 (base 8) to base 6
-2534550
Convert -2221311 (base 5) to base 13.
-14968
What is 4066344 (base 8) in base 2?
100000110110011100100
What is -306066 (base 10) in base 11?
-199a52
Convert 201212302 (base 4) to base 13.
4a866
What is 101001000100011010100110 (base 2) in base 7?
160336504
Convert 221333222120 (base 4) to base 2.
101001111111101010011000
What is 111101101011000100 (base 2) in base 9?
424460
110040202 (base 5) to base 9
787448
What is 7691a4 (base 12) in base 8?
7133714
Convert -431423233 (base 6) to base 7.
-121635126
-100102120 (base 4) to base 16
-10498
1124700 (base 8) to base 12
128a28
701804 (base 9) to base 13
1169cb
Convert -12402010 (base 8) to base 4.
-22200100020
Convert 12101000102 (base 3) to base 15.
214cb
Convert -111001100010000100 (base 2) to base 14.
-61c44
Convert -25140 (base 11) to base 3.
-1211112010
32233244 (base 5) to base 16
42f17
What is 102505 (base 8) in base 15?
a197
Convert -2073064 (base 8) to base 15.
-ae49d
Convert -200220222 (base 3) to base 7.
-55136
-102120233 (base 4) to base 14
-1d635
135310024 (base 6) to base 11
1627729
Convert 4855 (base 13) to base 4.
2133202
Convert -6847 (base 13) to base 5.
-431333
What is -102101020201 (base 3) in base 13?
-7ac47
What is 2102737 (base 9) in base 10?
1123990
228696 (base 10) to base 16
37d58
What is -4335514 (base 6) in base 16?
-34846
Convert -204653 (base 12) to base 8.
-1733237
Convert 1130556 (base 7) to base 5.
14020240
Convert -4115135 (base 6) to base 3.
-101000000012
What is 102111002331 (base 4) in base 3?
100001002221110
What is 100321112 (base 6) in base 5?
414041141
What is 2359980 (base 10) in base 4?
21000022230
41536650 (base 7) to base 15
4939b6
-d870b (base 14) to base 2
-1111111100111110111
Convert -799715 (base 11) to base